5*j - 2 = 0. Let z be 3*((j - -2) + -2). Let u(t) = t**2 + 0*t**z + 1 + t**3 - 5*t + 2*t**2. Determine u(-4).
5
Let s(p) be the third derivative of -p**5/60 + 3*p**4/8 + 18*p**2. What is s(9)?
0
Suppose 0 = 5*t + 10. Suppose -r + 5*r - 4 = 0. Let q(l) = -l + 5*l - l**3 - 4*l - 2*l**2 + r. What is q(t)?
1
Let u(y) = -y**2 + 6*y + 8. Let h = -7 + 13. What is u(h)?
8
Suppose -3*g - 12 = -6. Let u(z) = 5*z + 1. Determine u(g).
-9
Let i(b) be the second derivative of -1/2*b**2 + 3*b + 0 + 0*b**3 - 2/3*b**4. Let n be ((-1)/3)/(2/6). Determine i(n).
-9
Let x(j) = j**3 - 7*j**2 + 6*j - 2. Suppose -5*p + 2*i + i = -18, 2*p - 2 = -4*i. Suppose 12 = p*s - s. Give x(s).
-2
Let n be (0*3/9)/(-1). Suppose n = -g - 5*k + 12, 5*k - 2 = g + 3*k. Let x(i) = 3*i - 3*i + 2*i. Calculate x(g).
4
Let c(p) be the third derivative of -5*p**4/24 + p**3/3 + p**2. Let f(w) = -6*w + 2. Let v(m) = -5*c(m) + 4*f(m). What is v(5)?
3
Let k(v) = 3*v**2 - 7*v - 3. Let d(u) = 4*u**2 - 7*u - 3. Let s(o) = 4*d(o) - 5*k(o). Give s(-3).
-9
Suppose 5*f + 17 = -4*y + 1, -f - y = 4. Suppose 5 = -4*c + 3*u + 4, 4*c - u - 5 = 0. Let k(r) = -3*r**2 + r + c + 2*r**2 + f. Give k(2).
0
Let z(r) = r**3 + r**2 + r - 6. Suppose 0 = m - 1, 5*j - 3*m + 0*m + 3 = 0. What is z(j)?
-6
Let w = -17 - -19. Suppose w*y - 6 = -2. Let a(o) = 0 - 5*o**2 - 3 + 3*o + 2*o**2. Give a(y).
-9
Let m be (0 - -1 - -2) + -2. Let j(t) = 5*t - 1. Give j(m).
4
Let f = -1 - 7. Let s be (-6)/2 - (f + 1). Let i(v) = -v**2 + 4*v - 6. Calculate i(s).
-6
Let c(l) = -2*l - 2*l + l. Let n be -3*(10/6 + -1). What is c(n)?
6
Suppose 4 = k + k. Let u(t) = t. Let w(z) = 4*z + 2. Let m(x) = k*w(x) - 6*u(x). Suppose 1 = n + 5, 3*n = -5*l - 37. Calculate m(l).
-6
Let l(g) = -g**3 + 4*g**2 + 5*g - 1. Suppose -q + 4 = y - 4, 40 = 5*q - y. Suppose -2*p + q = -2. Give l(p).
-1
Suppose 0 = 2*g - 3*p + 3 - 5, 0 = 4*g + 5*p + 40. Let r(n) be the third derivative of 0*n**4 - n**2 + 1/120*n**6 + 0 + 1/12*n**5 + 0*n + 0*n**3. What is r(g)?
0
Let n(u) be the third derivative of -u**6/720 + u**5/30 + u**4/24 + 5*u**2. Let i(t) be the second derivative of n(t). Let w = 13 - 9. Give i(w).
0
Let y(l) = l**2. Let x(g) = 3*g**2 - g + 1. Let o = 20 - 19. Let v(c) = o*y(c) + x(c). Give v(1).
4
Let u(r) = -r**3 + 7*r**2 + 8*r - 9. Let t(x) = -x**3 - 6*x**2 + 14*x - 8. Let p be t(-8). What is u(p)?
-9
Let n(g) = g**2 + g + 5. Let y = 172 + -172. Give n(y).
5
Let z(v) = v**3 + v - 1. Let f(t) = -7*t**3 + 3*t - 4. Let q(r) = -f(r) + 3*z(r). What is q(-1)?
-9
Let a(p) = -p**3 - p**2 - 9. Let l(d) = -3*d**3 - 3*d**2 - 17. Let h(g) = 5*a(g) - 2*l(g). Calculate h(0).
-11
Let c(j) = -j**2 + 2*j. Let v = -27 - -31. Determine c(v).
-8
Let s(p) = -3 - 4*p**2 - 2*p + p - 3 - p**3. Let z(f) = -1. Let x(n) = s(n) - 4*z(n). Let i be (-1)/(-3) - 20/6. What is x(i)?
-8
Let o(f) = f**3 + 2*f**2 + 2*f + 4. Let v be (-9)/2*(-4)/6. Let c be -2*((-5)/2 + v). Let p be -1 + (3/(-1) - c). What is o(p)?
-11
Let l(t) = -t**3 - 6*t**2 - 4*t + 6. Let s(c) = c**3 - 15*c**2 - c + 10. Let o be s(15). Calculate l(o).
1
Suppose 3*n = -n. Suppose 0*a + 5*a - 20 = 0. Let v(k) = -3*k - 10. Let m(y) = -y - 1. Let s(o) = a*m(o) - v(o). Give s(n).
6
Let v(y) be the second derivative of -y**3/6 - y**2 - 15*y. Give v(2).
-4
Let p = 5 - 7. Let a be p + 4 + 0 + -2. Let n(f) = a - 2*f + f**3 + 3 + f**2 - 2. Give n(2).
9
Let l be (-1)/2*(0 + 2). Let z(p) = -4*p**2 + 6*p + 14*p - 34*p + 13*p - 1. Give z(l).
-4
Let v(k) be the second derivative of -k**7/840 + k**6/72 + k**5/24 - k**4/8 - 7*k**3/6 - 6*k. Let d(u) be the second derivative of v(u). What is d(6)?
-9
Let d(p) = p**2 + 2*p + 1. Let j(o) = 5*o**2 + 7*o + 3. Let m(f) = 9*d(f) - 2*j(f). Let r be m(5). Let b(z) = -z**3 - 2*z**2 + z + 1. Determine b(r).
-1
Let h(n) = -n + 2. Suppose -x + 12 = 3*x. Let r be (-4 + 5)/((-1)/8). Let z = x + r. What is h(z)?
7
Let c(m) = m - 1. Let j(i) = 5*i - 3. Let z(r) = 4*c(r) - j(r). Let u = -6 - -2. What is z(u)?
3
Let g(c) = 8*c**2 + 6*c. Let j(u) = -7*u**2 + 0*u - 6*u - 1 + 0*u. Let b(a) = -6*g(a) - 7*j(a). Determine b(-5).
2
Let y(z) = -2*z - 6. Let a(c) = 12 + c**3 - 4*c**2 + 6*c**2 + 6*c**2 + c**2 + 10*c. Let v be a(-8). What is y(v)?
2
Let y(v) = v**2 - v - 1. Let q(g) = g**3 - 8*g**2 + 2*g - 1. Let t(m) = -q(m) - 3*y(m). Determine t(5).
9
Suppose -2*q + 2 = -4. Let b(y) be the first derivative of y**4/24 + y**3/3 + y**2 - 4. Let u(c) be the second derivative of b(c). Give u(q).
5
Let x(q) = 3*q. Let g be x(-2). Let p(j) = -11*j**3 - 29*j**2 - 21*j - 6. Let v(a) = -4*a**3 - 10*a**2 - 7*a - 2. Let s(k) = 3*p(k) - 8*v(k). Determine s(g).
4
Let b(w) = 5*w**2 + w - 1. Let t(p) = 11*p**2 + 2*p - 3. Let g(m) = 13*b(m) - 6*t(m). Give g(4).
-7
Let b(x) be the second derivative of x**5/20 - 5*x**4/12 + x**3/3 - x**2/2 + x. Let k be (-1 - 21/(-15))*(-2 - -12). Give b(k).
-9
Let w be -4 + 1 - (5 + -11). Suppose 3 + w = -2*o. Let j(g) = -g - 1. Determine j(o).
2
Let t(q) = -1 + 5*q**2 + 34*q - 18*q - 16*q + q**3. Give t(-5).
-1
Let d(p) = -p. Let i(k) = 8*k - 4. Let s(h) = 6*d(h) + i(h). Suppose -5*l - 3*u - 8 = 3, 3*u = -2*l - 8. Let t be -1*l*(2 + 2). Calculate s(t).
4
Let z = 6 + -13. Let l = 10 + z. Let n(p) = 10*p**3 - p**2 - p + 3. Let k(o) = 11*o**3 - 2*o**2 - o + 4. Let q(c) = l*n(c) - 2*k(c). Calculate q(1).
9
Let x(t) = t**2 + t + 4. Let z(i) = -i + 1. Let k = -2 - -1. Let j(a) = k*x(a) + 3*z(a). Let l = -3 - -1. Determine j(l).
3
Suppose -51 = -4*v + 9. Let x be (v/(-6))/((-1)/2). Suppose 2*r + 2 = -2*o, -x*r - o = -5 - 2. Let c(h) = h**2 - h. Give c(r).
2
Suppose -4*b + 16 - 4 = 0. Let x(c) = -1. Let v(y) = -y. Let m(r) = -2*v(r) + 3*x(r). Determine m(b).
3
Let p(h) = -h - 2. Let q(d) = 3*d + 4. Suppose 4*j - 4 = -0, -1 = z + 4*j. Let a(s) = z*p(s) - 2*q(s). Determine a(2).
0
Let u(n) = -n**3 + 5*n**2 - 3*n - 4. Let c(q) = -2*q**3 + 6*q**2 - 3*q - 4. Let f(t) = -2*c(t) + 3*u(t). Give f(-4).
-8
Let h(k) = -k**3 - 7*k**2 - 1. Let y be h(-7). Let s(c) = -8*c**2 + 1 - 5*c**2 + c + c**2 + 3*c**2. Calculate s(y).
-9
Let r(o) = -5*o**3 + 9*o**2 + 24*o - 19. Let s(f) = f**3 - 2*f**2 - 5*f + 4. Let b(c) = 2*r(c) + 11*s(c). Determine b(5).
-4
Suppose -x - 2*x = -6. Let g(o) = o**3 - 2*o**2 + 3*o - 2. What is g(x)?
4
Let z(h) = h - 11. Suppose -4*r = -2*b + 26, 5*b = 2*b + 5*r + 37. Let p be z(b). Let k(n) = -1 - 2 + 2 - 6*n. Determine k(p).
11
Let o(v) = -4*v. Suppose 0 = 4*g + 2*z + 12, 2*g = -3*g - 2*z - 13. What is o(g)?
4
Let i(p) be the third derivative of 1/24*p**4 - 1/3*p**3 + 0*p + 0 - 2*p**2. Give i(2).
0
Let j(s) be the second derivative of -s**3/6 - s**2/2 - s. Give j(1).
-2
Suppose 5 = -2*b - 3*p, -5*p - 7 = b - 2*p. Suppose -b*f + 10 = -4*f. Let d(s) = 3*s + 1. Determine d(f).
-14
Let i be (-2)/11 - (-42)/(-11). Let w(g) = -g**3 - 2*g**2 + 4*g - 3. Calculate w(i).
13
Let i(c) = c - 8. Suppose 4*f - 4 = 6*f. Let p(k) = k - 1. Let m(j) = f*p(j) + i(j). Let r be m(-5). Let y(o) = 7*o. Determine y(r).
-7
Let w(d) = d**2 - 5*d**2 + 4*d - d**3 - 1 + d. Let u(j) be the third derivative of -j**5/12 + j**4/24 + j**3/6 + 2*j**2. Let o be u(-1). Give w(o).
-1
Let p(i) be the first derivative of i**2/2 - 11*i + 2. Let s be p(8). Let q(g) = -2*g**2 - 4*g - 1. Calculate q(s).
-7
Let i(l) be the third derivative of -l**4/12 - l**3/2 + 4*l**2. Let b be 4/(-14) + (-316)/(-28). Suppose 0 = -4*c - 1 - b. Give i(c).
3
Suppose 8*u = 2*h + 3*u - 25, -3*u + 33 = 2*h. Let a(d) = -d**3 + 16*d**2 - 16*d + 11. Let y be a(h). Let q(k) = -k**2 - 4*k - 6. Calculate q(y).
-6
Let u(o) = -o**2 + 4. Let c be 7/(-28) - 13/(-4). What is u(c)?
-5
Let x(k) be the third derivative of -k**7/5040 + k**6/72 + k**5/20 + 2*k**2. Let c(v) be the third derivative of x(v). Determine c(5).
5
Let p(v) = -4*v**2. Let j = 10 - 8. Suppose -3 = m - j. Give p(m).
-4
Suppose 8 + 7 = 5*a. Let n(w) = -4*w + 7. Let v be n(a). Let k(r) = -r**3 - 6*r**2 - 6*r - 1. Give k(v).
4
Let h(s) be the third derivative of -s**4/12 - s**3/6 - 4*s**2. Let y be h(2). Let l = -6 - y. Let b(f) = -5*f**3 + f**2 + f + 1. Calculate b(l).
6
Let n(j) = -6 - 37*j**2 + j**3 + 29*j**2 + 25*j - 17*j. Let w(g) = -g**3 - 6*g**2 + 7. Let i be w(-6). Give n(i).
1
Suppose -8*b = -4*b + 4. Let a(w) = -4*w**2 + w. What is a(b)?
-5
Let o = 10 + -7. Let q(x) = -x - 1 + 6*x + o*x. What i